{"id":461,"date":"2020-06-27T11:45:53","date_gmt":"2020-06-27T09:45:53","guid":{"rendered":"http:\/\/www.mikerouault.art\/?page_id=461"},"modified":"2025-03-15T17:51:08","modified_gmt":"2025-03-15T16:51:08","slug":"if_then_else","status":"publish","type":"page","link":"https:\/\/www.mikerouault.art\/?page_id=461","title":{"rendered":"If_Then_Else"},"content":{"rendered":"\n<figure class=\"wp-block-image size-large\"><img loading=\"lazy\" decoding=\"async\" width=\"1024\" height=\"264\" src=\"https:\/\/www.mikerouault.art\/wp-content\/uploads\/2020\/06\/header-if-then-master-1024x264.jpg\" alt=\"\" class=\"wp-image-476\" srcset=\"https:\/\/www.mikerouault.art\/wp-content\/uploads\/2020\/06\/header-if-then-master-1024x264.jpg 1024w, https:\/\/www.mikerouault.art\/wp-content\/uploads\/2020\/06\/header-if-then-master-300x77.jpg 300w, https:\/\/www.mikerouault.art\/wp-content\/uploads\/2020\/06\/header-if-then-master-768x198.jpg 768w, https:\/\/www.mikerouault.art\/wp-content\/uploads\/2020\/06\/header-if-then-master-1536x396.jpg 1536w, https:\/\/www.mikerouault.art\/wp-content\/uploads\/2020\/06\/header-if-then-master-350x90.jpg 350w, https:\/\/www.mikerouault.art\/wp-content\/uploads\/2020\/06\/header-if-then-master.jpg 2018w\" sizes=\"auto, (max-width: 767px) 89vw, (max-width: 1000px) 54vw, (max-width: 1071px) 543px, 580px\" \/><\/figure>\n\n\n\n<iframe loading=\"lazy\" scrolling=\"no\" allow=\"autoplay\" src=\"https:\/\/w.soundcloud.com\/player\/?url=https%3A\/\/api.soundcloud.com\/tracks\/330174466&amp;color=%23ff5500&amp;auto_play=false&amp;hide_related=false&amp;show_comments=true&amp;show_user=true&amp;show_reposts=false&amp;show_teaser=true&amp;visual=true\" width=\"100%\" height=\"300\" frameborder=\"no\"><\/iframe><div style=\"font-size: 10px; color: #cccccc;line-break: anywhere;word-break: normal;overflow: hidden;white-space: nowrap;text-overflow: ellipsis; font-family: Interstate,Lucida Grande,Lucida Sans Unicode,Lucida Sans,Garuda,Verdana,Tahoma,sans-serif;font-weight: 100;\"><a href=\"https:\/\/soundcloud.com\/user-960603077\" title=\"if-then-else\" target=\"_blank\" style=\"color: #cccccc; text-decoration: none;\" rel=\"noopener noreferrer\">if-then-else<\/a> \u00b7 <a href=\"https:\/\/soundcloud.com\/user-960603077\/if-then-else_si-autrement\" title=\"if-then-else_si-autrement\" target=\"_blank\" style=\"color: #cccccc; text-decoration: none;\" rel=\"noopener noreferrer\">if-then-else_si-autrement<\/a><\/div>\n\n\n\n<p class=\"has-text-align-left has-very-dark-gray-color has-luminous-vivid-amber-background-color has-text-color has-background\"><strong>Le projet \u00ab If_Then-Else \/ si autrement \u00bb  avec les textes de Mike Rouault, Sylvain Da\u00efanu et July Herrewyn.<br>Lecture : Mike Rouault, July Herrewyn et Sylvain Da\u00efanu.<br>Boucle musicale : Marco Burian du Collectif Abus d&rsquo;Obus.<br>Projet et toile r\u00e9alis\u00e9 dans le cadre du 9\u00e8me festival des Pussifolies le 2 juillet 2017 entre 9h00 et 17h00.<br>A nos enfants.<\/strong><\/p>\n\n\n\n<iframe loading=\"lazy\" src=\"https:\/\/www.youtube.com\/embed\/P2f8EUj--QM\" allow=\"accelerometer; autoplay; encrypted-media; gyroscope; picture-in-picture\" allowfullscreen=\"\" width=\"560\" height=\"315\" frameborder=\"0\"><\/iframe>\n\n\n\n<figure class=\"wp-block-gallery has-nested-images columns-default is-cropped wp-block-gallery-1 is-layout-flex wp-block-gallery-is-layout-flex\"><\/figure>\n\n\n\n<figure class=\"wp-block-image size-large\"><img loading=\"lazy\" decoding=\"async\" width=\"1024\" height=\"768\" src=\"https:\/\/www.mikerouault.art\/wp-content\/uploads\/2020\/06\/5ab0f62ccfc8b-1024x768.jpg\" alt=\"\" class=\"wp-image-481\" srcset=\"https:\/\/www.mikerouault.art\/wp-content\/uploads\/2020\/06\/5ab0f62ccfc8b-1024x768.jpg 1024w, https:\/\/www.mikerouault.art\/wp-content\/uploads\/2020\/06\/5ab0f62ccfc8b-300x225.jpg 300w, https:\/\/www.mikerouault.art\/wp-content\/uploads\/2020\/06\/5ab0f62ccfc8b-768x576.jpg 768w, https:\/\/www.mikerouault.art\/wp-content\/uploads\/2020\/06\/5ab0f62ccfc8b-1536x1152.jpg 1536w, https:\/\/www.mikerouault.art\/wp-content\/uploads\/2020\/06\/5ab0f62ccfc8b-350x263.jpg 350w, https:\/\/www.mikerouault.art\/wp-content\/uploads\/2020\/06\/5ab0f62ccfc8b.jpg 1600w\" sizes=\"auto, (max-width: 767px) 89vw, (max-width: 1000px) 54vw, (max-width: 1071px) 543px, 580px\" \/><figcaption class=\"wp-element-caption\">D\u00e9tails de la toile illustrant le texte.<\/figcaption><\/figure>\n\n\n\n<p class=\"has-vivid-red-color has-text-color\"><\/p>\n","protected":false},"excerpt":{"rendered":"<p>if-then-else \u00b7 if-then-else_si-autrement Le projet \u00ab If_Then-Else \/ si autrement \u00bb avec les textes de Mike Rouault, Sylvain Da\u00efanu et July Herrewyn.Lecture : Mike Rouault, July Herrewyn et Sylvain Da\u00efanu.Boucle musicale : Marco Burian du Collectif Abus d&rsquo;Obus.Projet et toile r\u00e9alis\u00e9 dans le cadre du 9\u00e8me festival des Pussifolies le 2 juillet 2017 entre 9h00 &hellip; <\/p>\n<p class=\"link-more\"><a href=\"https:\/\/www.mikerouault.art\/?page_id=461\" class=\"more-link\">Continuer la lecture<span class=\"screen-reader-text\"> de &laquo;&nbsp;If_Then_Else&nbsp;&raquo;<\/span><\/a><\/p>\n","protected":false},"author":1,"featured_media":1471,"parent":0,"menu_order":0,"comment_status":"closed","ping_status":"closed","template":"","meta":{"ngg_post_thumbnail":0,"footnotes":""},"class_list":["post-461","page","type-page","status-publish","has-post-thumbnail","hentry"],"_links":{"self":[{"href":"https:\/\/www.mikerouault.art\/index.php?rest_route=\/wp\/v2\/pages\/461","targetHints":{"allow":["GET"]}}],"collection":[{"href":"https:\/\/www.mikerouault.art\/index.php?rest_route=\/wp\/v2\/pages"}],"about":[{"href":"https:\/\/www.mikerouault.art\/index.php?rest_route=\/wp\/v2\/types\/page"}],"author":[{"embeddable":true,"href":"https:\/\/www.mikerouault.art\/index.php?rest_route=\/wp\/v2\/users\/1"}],"replies":[{"embeddable":true,"href":"https:\/\/www.mikerouault.art\/index.php?rest_route=%2Fwp%2Fv2%2Fcomments&post=461"}],"version-history":[{"count":12,"href":"https:\/\/www.mikerouault.art\/index.php?rest_route=\/wp\/v2\/pages\/461\/revisions"}],"predecessor-version":[{"id":4859,"href":"https:\/\/www.mikerouault.art\/index.php?rest_route=\/wp\/v2\/pages\/461\/revisions\/4859"}],"wp:featuredmedia":[{"embeddable":true,"href":"https:\/\/www.mikerouault.art\/index.php?rest_route=\/wp\/v2\/media\/1471"}],"wp:attachment":[{"href":"https:\/\/www.mikerouault.art\/index.php?rest_route=%2Fwp%2Fv2%2Fmedia&parent=461"}],"curies":[{"name":"wp","href":"https:\/\/api.w.org\/{rel}","templated":true}]}}